/12). Calculate the highest common divisor of 1305 and o.
29
Let l(y) = 80*y + 973. Let r be l(-12). What is the greatest common factor of 5629 and r?
13
Let v be (-11)/(77/609) + -2. Let u = v - -96. Calculate the highest common factor of 35 and u.
7
Let z be -64*1 + -23 + 17. Let f be 9/(63/z)*59/(-2). What is the greatest common factor of f and 59?
59
Suppose 30 = -5*z + 60. Let k be -1 + -3 + (-4 - (-17)/1). What is the greatest common factor of k and z?
3
Suppose 4*k + 22 = -3*q + 21, -2*q - 3 = 5*k. What is the highest common factor of 25 and q?
1
Let r be 63/1 - 534/(-89). What is the highest common divisor of r and 529?
23
Let r be ((-910)/(-56))/(((-10)/16)/(-5)). Let u = -37 + 57. Calculate the highest common divisor of u and r.
10
Let g = 415 - 387. Suppose 21*y = 22*y - 84. What is the highest common factor of g and y?
28
Let x(f) = 14*f + 248. Let s be x(26). Let i = s + -530. Calculate the highest common factor of i and 574.
82
Let d(m) = -m**3 - 6*m**2 - 7*m + 8. Let a be d(-6). Let t be a*(2/5 + (-2 - -2)). Let s = -160 + 240. Calculate the highest common divisor of t and s.
20
Suppose -246 = 134*n - 3042 - 12078. What is the greatest common divisor of n and 9?
3
Let w(r) = -r**3 - 26*r**2 - 172*r - 25. Let v be w(-15). What is the greatest common factor of v and 540?
20
Suppose -119*r - 1209 = -4*n - 122*r, -2*r + 14 = 0. Calculate the greatest common divisor of n and 55.
11
Suppose 13*d = -12*d + 2116 + 734. Calculate the highest common factor of d and 10089.
57
Suppose 4*t - t = 1905. Let o = t - 623. What is the greatest common factor of 10 and o?
2
Suppose 0 = 12*y - 113 - 91. Suppose -2*d + 2 = -6. Suppose -121 = -d*a + 5*b, 0 = a - 3*b - 24 - 1. Calculate the highest common divisor of y and a.
17
Suppose -3*v - 38 = 5*i, -5*v - 3 = 3*i + 71. Let m(g) = -3*g - 47. Let q be m(v). Calculate the greatest common divisor of q and 3.
1
Let t be 292/16 + 2/(-8). Suppose -6 = -14*d + 8*d. Let x(b) = 71*b**3 + 2*b - 1. Let z be x(d). What is the highest common divisor of t and z?
18
Suppose 5*s = 3*s + 5*t - 25, -65 = 4*s - 5*t. Let p = -23 - s. Let b(m) = 5*m**2 + 4*m + 9. Let v be b(p). Calculate the greatest common factor of 14 and v.
14
Let b = 6943 + 201. Let u = 10 + -16. Let d be b/24 + 4/u. What is the highest common factor of 33 and d?
33
Let y be -2*18073/110 - (-3)/5. Let l = 368 + y. Suppose 3*q - q - 8 = 0, 5*q = -5*a + 45. Calculate the highest common divisor of l and a.
5
Suppose -12*b - 20 = 40. Let r be (60/b)/(-4 + (6 - 4)). Calculate the highest common divisor of r and 192.
6
Suppose -2*v - 2*v + 12 = 0. Let p be 30/(-70) + (1 - (-9045)/35). Suppose p*t = 262*t - 117. Calculate the greatest common factor of t and v.
3
Suppose -h + 0*r + 5*r - 51 = 0, 0 = -h - r - 39. Let c = h + 49. What is the greatest common factor of c and 352?
8
Let t = -5953 - -8215. Calculate the highest common divisor of 312 and t.
78
Let q = 1963 - -4227. Calculate the highest common factor of q and 5.
5
Suppose 3*c - 832 = -4*k, 5*c - 534 = -3*k + 101. Calculate the greatest common factor of 4715 and k.
205
Let d(p) = -p**3 + 2*p**2 + 69*p - 22. Let y be d(-8). Let w be 2/(-4) - (-201)/6. Calculate the highest common divisor of w and y.
33
Suppose -9*b = 8 - 260. Let z(t) = 8*t - 94. Let o be z(b). What is the greatest common factor of 26 and o?
26
Suppose -12*n - n = -26. Let l(o) = 35*o + 8. Let j be l(n). Calculate the greatest common divisor of j and 39.
39
Let f = -12068 + 12126. Calculate the greatest common divisor of 5858 and f.
58
Let f(u) = u**2 + 24*u + 54. Let a be f(-35). Suppose a - 79 = 9*w. Calculate the greatest common factor of 25 and w.
5
Suppose -480 = -5*k + 3*r, -3*k + k - 5*r = -192. Suppose 4267552 = -22*w + 4268256. Calculate the greatest common factor of w and k.
32
Let y = 6963 + -6959. What is the highest common divisor of 292 and y?
4
Let o be (-34)/(-12) - 1 - 50/(-300). Suppose k + 8 = o*k. What is the highest common divisor of k and 40?
8
Let q = -66 - -192. Let i = -87 - q. Let d = i - -444. What is the highest common factor of d and 21?
21
Suppose -4*k + 61 = -75. Let m = -177 - -146. Let x = m + k. What is the highest common divisor of 21 and x?
3
Let g(p) = p**3 - 7*p**2 - 29*p - 21. Let f be g(10). Let l be (18/15)/(f/((-4290)/12)). Calculate the greatest common divisor of l and 195.
39
Let s(q) = -q**3 + 29*q**2 - 59*q + 780. Let d be s(23). Calculate the greatest common factor of d and 98.
49
Suppose 4*y = 10 + 18. Let p = 253 + -251. Let k be 5 + 55 + (p - 6). What is the greatest common divisor of k and y?
7
Let o(c) = -240*c**3 - c**2 - 14*c - 10. Let d be o(-1). Calculate the greatest common divisor of d and 99.
9
Suppose -21 = -8*m + 15*m. Let a be 2/m + (-17)/(51/(-20)). Calculate the greatest common divisor of 12 and a.
6
Let t be 13/3*(-6132)/(-14)*2/2. What is the greatest common divisor of 338 and t?
26
Let p = 23 + 24. Let c = 721 - 580. Calculate the highest common divisor of p and c.
47
Let z(x) = 11*x - 7. Let b be z(12). Let r = -150 - -195. Suppose -m - 35 = -3*m + 3*p, m + 4*p - r = 0. What is the greatest common factor of b and m?
25
Let g = -41 - -48. Suppose 25*b - 1408 = -183. Calculate the greatest common divisor of b and g.
7
Let f(z) = -2*z**3 + 99*z**2 + 263*z + 257. Let v be f(52). Calculate the highest common factor of v and 4779.
59
Let o be (-28)/(-4) - 3 - 5 - -76. Suppose 0 = 5*y - 3*h - o, -3*y - 3*h + 2*h = -45. Calculate the greatest common factor of y and 135.
15
Let i(y) = -6*y + 75. Let b be i(12). Suppose -2*n - b*h + 48 = 14, -2*n - 4*h = -36. Suppose -3*z + 30 = -12. Calculate the highest common factor of z and n.
14
Suppose 0 = 28*j - 52*j + 14400. Calculate the highest common divisor of j and 375.
75
Let m = 8894 + -8638. Let o be (-93)/(-6) - (-2)/4. Calculate the greatest common factor of m and o.
16
Let p be ((-2 - 4) + 128)*2. Let g = p - -16. What is the highest common factor of g and 100?
20
Suppose -w + 10*w + 1628 = 31*w. Suppose 0 = -c - 2*n + 288, 0 = -c + 3*c - 4*n - 608. What is the greatest common divisor of c and w?
74
Let a be (-2 + -5 - -6)*18*1. Let p be 116*(a/12 - -2). What is the greatest common factor of 87 and p?
29
Let w(u) = -15*u**2 - 112*u - 33. Let j be w(-7). What is the greatest common divisor of j and 40?
8
Suppose 147 + 144 = -5*i + 1191. What is the greatest common divisor of i and 610?
10
Let q(y) be the first derivative of y**4/4 - 2*y**3/3 - 2*y**2 + 3*y - 39. Let w be q(-5). Let s = w + 189. What is the highest common divisor of 148 and s?
37
Let r(c) = 32*c**2 - 16*c + 19. Let w be r(6). Calculate the highest common divisor of 172 and w.
43
Let h(l) = -35*l + 2328. Let s be h(48). Calculate the highest common factor of s and 56.
8
Suppose 3*w + 7 + 104 = y, -153 = 4*w - 3*y. Let q = w - -31. Let l be q/((-2)/(-144)*-2). Calculate the highest common divisor of 20 and l.
20
Let w(x) = -3*x**2 - 24*x - 8. Let y be w(-11). Let h = 229 + y. Let t = h + -97. Calculate the greatest common divisor of 25 and t.
25
Suppose -2*m = 4*a - 118, m = -1173*a + 1168*a + 62. Calculate the greatest common factor of m and 21.
3
Let s(d) = d + 113. Let y be s(33). Suppose 5*w + 31 = y. What is the greatest common divisor of w and 23?
23
Let h(x) = -x**3 + 6*x**2 - 12. Let u be h(4). What is the greatest common divisor of u and 1810?
10
Let z be (-96)/((-65)/(-260) - (-7)/(-22)). Calculate the highest common factor of z and 11.
11
Let z be (1/2)/(34/(-102)*(-9)/3354). What is the highest common factor of z and 129?
43
Suppose -i = -y + 73 - 21, -2*i - 54 = -y. Suppose -4*x + y = 2*z + 4, 2*z = 3*x + 11. Calculate the highest common divisor of z and 117.
13
Suppose -53*t + 10150 = -108*t + 38365. Calculate the highest common factor of t and 756.
27
Let a(t) = -t**2 - 6*t - 6. Let m be a(-4). Let v(r) = r**3 - 36*r**2 + 311*r - 8. Let l be v(14). What is the greatest common divisor of m and l?
2
Let i be ((-864)/(-132) + 42/(-77))/(9/426). What is the highest common divisor of 12 and i?
4
Suppose 75*k = 1028 + 469 + 528. Calculate the greatest common divisor of k and 59.
1
Let y be (-4)/(4 - (-354)/(-25) - 50/(-5)). Suppose -2*h + 0*n + 4*n + 30 = 0, 3*n + 110 = 5*h. Calculate the greatest common factor of y and h.
25
Suppose 3*x - 34 = 5*